{"id":669,"date":"2012-02-04T22:53:50","date_gmt":"2012-02-04T21:53:50","guid":{"rendered":"http:\/\/www.karate-poing.de\/wp\/?page_id=669"},"modified":"2026-02-07T22:44:47","modified_gmt":"2026-02-07T22:44:47","slug":"kumite","status":"publish","type":"page","link":"https:\/\/karate-poing.de\/blog\/kumite\/","title":{"rendered":"Kumite"},"content":{"rendered":"<p>Kumite bedeutet w\u00f6rtlich \u201everbundene H\u00e4nde\u201c und meint das \u00dcben bzw. den Kampf mit einem (selten mehreren, siehe Bunkai) Gegnern.<\/p>\n<p>Das Kumite stellt innerhalb des Trainings eine Form dar, die es dem Trainierenden nach ausreichender \u00dcbung erm\u00f6glicht, sich in ernsten Situationen angemessen verteidigen zu k\u00f6nnen. Voraussetzung ist das richtige Verstehen und Ein\u00fcben elementarer Grundtechniken aus dem Kihon und der Kata. Wenn die Ausf\u00fchrung der Technik in ihrer Grundform begriffen wurde, wendet man sie im Kumite an. Die Anwendung im Kumite ist sehr wichtig, da die Ausf\u00fchrung von Techniken im Freikampf nicht der vorgeschriebenen Form entsprechen m\u00fcssen, da man oftmals bei \u00fcberraschenden Angriffen sofort von der Kampfhaltung zur Endstellung der Abwehr gelangen muss.<\/p>\n<p>Es gibt verschiedene Formen des Kumite, die mit steigendem Anspruch von einer einzigen, abgesprochenen, mehrfach ausgef\u00fchrten Technik bis hin zum freien Kampf in ihrer Gestaltung immer offener werden.<\/p>\n<p>Bei Verteidigungstechniken werden haupts\u00e4chlich die Arme zu Blocktechniken verwendet. W\u00fcrfe, Hebel, harte, weiche Blockbewegungen oder auch nur Ausweichen, meist in Kombination mit Schritt- oder Gleitbewegungen. Eine Blockbewegung kann auch als Angriffstechnik ausgef\u00fchrt werden, was ein sehr gutes Auge voraussetzt; der Angriff des Gegners wird im Ansatz mit einer Abwehrbewegung oder einem Gegenangriff (deai, \u201eBegegnung, Aufeinandertreffen\u201c) gestoppt.<\/p>\n<p>Beim Angriff wird versucht, die ungedeckten Bereiche bzw. durch die Deckung hindurch den Gegner zu treffen. Es soll m\u00f6glichst mit absoluter Schnelligkeit ohne vorzeitiges Anspannen der Muskeln konzentriert angegriffen werden, denn erh\u00f6hter Krafteinsatz f\u00fchrt w\u00e4hrend der Bewegung zu Schnelligkeitsverlusten. Der Kraftpunkt liegt am Zielpunkt der Bewegung. Das Prinzip der Angriffstechnik gleicht dem des Pfeiles eines Bogensch\u00fctzen bei Schlag- und Sto\u00dftechniken und dem einer Peitsche bei geschnappten Techniken.<\/p>\n<p><em>Quelle: Wikipedia<\/em><\/p>\n","protected":false},"excerpt":{"rendered":"<p>Kumite bedeutet w\u00f6rtlich \u201everbundene H\u00e4nde\u201c und meint das \u00dcben bzw. den Kampf mit einem (selten mehreren, &hellip; <a title=\"Kumite\" class=\"hm-read-more\" href=\"https:\/\/karate-poing.de\/blog\/kumite\/\"><span class=\"screen-reader-text\">Kumite<\/span>Weiterlesen<\/a><\/p>\n","protected":false},"author":2,"featured_media":0,"parent":0,"menu_order":40,"comment_status":"closed","ping_status":"closed","template":"","meta":{"footnotes":""},"class_list":["post-669","page","type-page","status-publish","hentry"],"_links":{"self":[{"href":"https:\/\/karate-poing.de\/blog\/wp-json\/wp\/v2\/pages\/669","targetHints":{"allow":["GET"]}}],"collection":[{"href":"https:\/\/karate-poing.de\/blog\/wp-json\/wp\/v2\/pages"}],"about":[{"href":"https:\/\/karate-poing.de\/blog\/wp-json\/wp\/v2\/types\/page"}],"author":[{"embeddable":true,"href":"https:\/\/karate-poing.de\/blog\/wp-json\/wp\/v2\/users\/2"}],"replies":[{"embeddable":true,"href":"https:\/\/karate-poing.de\/blog\/wp-json\/wp\/v2\/comments?post=669"}],"version-history":[{"count":1,"href":"https:\/\/karate-poing.de\/blog\/wp-json\/wp\/v2\/pages\/669\/revisions"}],"predecessor-version":[{"id":4035,"href":"https:\/\/karate-poing.de\/blog\/wp-json\/wp\/v2\/pages\/669\/revisions\/4035"}],"wp:attachment":[{"href":"https:\/\/karate-poing.de\/blog\/wp-json\/wp\/v2\/media?parent=669"}],"curies":[{"name":"wp","href":"https:\/\/api.w.org\/{rel}","templated":true}]}}